{"version":"1.0","type":"rich","provider_name":"MRAP","provider_url":"https:\/\/mrap.fr","title":"1er mai&nbsp;: m\u00e9moire, v\u00e9rit\u00e9, r\u00e9sistance","author_name":"Secretariat Direction","width":"800","height":"600","url":"https:\/\/mrap.fr\/1er-mai-memoire-verite-resistance.html","html":"\u003Ch4 class='title'\u003E\u003Ca href='https:\/\/mrap.fr\/1er-mai-memoire-verite-resistance.html'\u003E1er mai&nbsp;: m\u00e9moire, v\u00e9rit\u00e9, r\u00e9sistance\u003C\/a\u003E\u003C\/h4\u003E\u003Cblockquote class='spip'\u003E\n\u003Cp\u003ECommuniqu\u00e9 commun dont le MRAP est signataire et appel \u00e0 rassemblement le vendredi 1er mai de 9h30 \u00e0 11h, Pont du Carrousel \u00e0 Paris. \n\u003Cbr class='autobr' \/\u003E\n Le 1er mai 1995, Brahim Bouarram \u00e9tait assassin\u00e9, jet\u00e9 dans la Seine par des militants d\u2019extr\u00eame droite sortis d\u2019un d\u00e9fil\u00e9 du Front national. Ce crime n\u2019\u00e9tait pas un fait divers. C\u2019\u00e9tait le produit d\u2019un racisme politique. Depuis d\u2019autres noms, d\u2019autres vies, se sont ajout\u00e9s \u00e0 cette liste tragique. Et derri\u00e8re chaque nom, il y a des familles bris\u00e9es, des&nbsp;(\u2026)\u003C\/p\u003E\n\u003C\/blockquote\u003E\n"}

1er mai&nbsp;: mémoire, vérité, résistance

<h4 class='title'><a href='https://mrap.fr/1er-mai-memoire-verite-resistance.html'>1er mai&nbsp;: mémoire, vérité, résistance</a></h4><blockquote class='spip'>
<p>Communiqué commun dont le MRAP est signataire et appel à rassemblement le vendredi 1er mai de 9h30 à 11h, Pont du Carrousel à Paris. 
<br class='autobr' />
 Le 1er mai 1995, Brahim Bouarram était assassiné, jeté dans la Seine par des militants d’extrême droite sortis d’un défilé du Front national. Ce crime n’était pas un fait divers. C’était le produit d’un racisme politique. Depuis d’autres noms, d’autres vies, se sont ajoutés à cette liste tragique. Et derrière chaque nom, il y a des familles brisées, des&nbsp;(…)</p>
</blockquote>
